 s(x) = -x - 3. Let l be s(-5). Let y = -110 - -98. What is the units digit of (-6)/y - (-19)/l?
0
Suppose 3*l + l - 3*a - 4 = 0, 2*l + a + 8 = 0. Let b be 0/((l + 3)*1). Suppose -n + 1 + 4 = b. What is the units digit of n?
5
Suppose 16*c = 12*c + 208. What is the tens digit of c?
5
Let g be 3 - 58*2/4. What is the tens digit of (-342)/g - 4/26?
1
Suppose 15 = -w + 5*t, -2*t = -4*t + 6. Suppose w = -5*i - 0*l - l + 48, -5*i + 3*l + 56 = 0. What is the units digit of ((-18)/i)/((-2)/10)?
9
What is the hundreds digit of 2*(3 + (-202)/(-4))?
1
Let z(i) = -1. Let l(g) = 6*g - 18. Let a = 1 + 0. Let w(s) = a*l(s) - 15*z(s). What is the units digit of w(3)?
5
Let a = 5 - 5. Suppose a*d - 3*z - 50 = -4*d, 2*d - 24 = z. Let m = 20 - d. What is the units digit of m?
9
Let b(a) = -a**3 - 6*a**2 + 8*a + 10. Let d be b(-7). Let u = -30 - -43. Suppose -u = -d*q + 11. What is the units digit of q?
8
Let j be -3*-2*(-33)/18. Let t(r) = -r**3 - 12*r**2 - 10*r + 12. Let h be t(j). What is the units digit of 0*h/3 + 2?
2
Let l(b) = 6*b. Let j be l(1). Let n be 7/(1/2*1). Suppose -j = 4*w - n. What is the units digit of w?
2
Let a(r) = -21*r + 6. What is the tens digit of a(-6)?
3
Let t(x) = 2*x + 8. What is the units digit of t(-3)?
2
Let a be 3 - (2 + -1) - 4. Let c be (-48)/(-20) - a/(-5). Suppose 0 = -4*q + c*q + 24. What is the tens digit of q?
1
Let o = -7 - -7. Suppose i = 4*i - 3, o = y - 2*i - 18. What is the units digit of y?
0
Let h(t) = -56*t - 5 - 5 + 1 + 5*t**2 - 27. Let z(b) = b**2 - 11*b - 7. Let r(q) = 2*h(q) - 11*z(q). What is the tens digit of r(8)?
1
Let f be 2/12 - 23/(-6). Let w be (-2)/f - 37/(-2). Suppose 0 = -4*v + v + w. What is the units digit of v?
6
Let a = 67 + -58. What is the units digit of a?
9
Let u = 94 - 28. Suppose -2*d = -3*p + p + u, -5*p = -4*d - 164. What is the units digit of p?
2
Let r be (-8)/(-10)*(-5)/(-2). Suppose -2*f = -4 - r. What is the units digit of f?
3
What is the hundreds digit of 1/2*(-8)/(-6)*681?
4
Suppose 6*o = o + 45. Let h = 5 - o. Let l = -1 - h. What is the units digit of l?
3
Suppose -9*p = -6*p - 9. Let j = 13 - p. What is the tens digit of j?
1
Let f(a) = a**2 - 7*a + 6. Let s be f(6). Suppose s*t + 5*t - 10 = 0. Suppose 0 = t*n - 2 - 14. What is the units digit of n?
8
Let k = -5 - -7. Let p(t) = -t**2 - 8*t + 5. Let w be p(-7). Suppose -2*j - k*j = -w. What is the units digit of j?
3
Suppose -11 = -f - 5*c, f + 3*c + 3 = 5*c. Let t = f - -2. What is the units digit of t?
3
Let c = -38 - -73. Let l = -21 + c. What is the units digit of l?
4
Suppose 0 = 3*k - u - 5, -4*u = -k - 2 - 11. Suppose 0 = 3*f + k*m - 12, -5*f - m + 6*m = 0. What is the units digit of (f - -3)/(0 - -1)?
5
Let o be 2 + 1*4/(-4). What is the units digit of -1*o*(-5 + -4)?
9
Let r(p) = p**3 - 7*p**2 + 7*p. Let c be r(6). Suppose 3*l - c = -0*k - 5*k, 0 = l + 4*k - 2. What is the units digit of l?
2
Let q(k) = 3*k**2 - 3*k + 1. What is the units digit of q(2)?
7
Let b(q) = -10*q - 34. What is the hundreds digit of b(-16)?
1
Suppose 16 = 4*d, 2*l = -0*l - 4*d + 26. What is the units digit of l?
5
Let d(b) = 4*b**2 - 2*b + 2. Let a be d(4). Let q be a/(-8) - (-1)/4. Let r = 15 + q. What is the units digit of r?
8
Suppose -5*a + 2*l + 1604 = 42, 3*a = 3*l + 930. What is the tens digit of a?
1
Let n = 9 - 3. Let m(a) be the third derivative of -a**4/24 + 13*a**3/6 - 3*a**2. What is the units digit of m(n)?
7
Let q(w) = w**3 - 4*w**2 - 7*w + 7. What is the tens digit of q(6)?
3
Suppose t - 54 = -5*v, -v + 203 = 5*t - 91. What is the tens digit of t?
5
Suppose 3*d + 9 = -2*g, 0*d = 4*d - 5*g - 11. What is the units digit of 51 - -2*d/(-2)?
2
Let r(z) = 3*z**3 - z**2 - z - 1. Suppose 30 = 5*k + 4*w, 1 = 2*k - w + 2. What is the tens digit of r(k)?
1
Suppose 13 = 5*g - p, -2*p + 5 = 2*g - 5. Suppose 2*x - 6 = 0, -2*x + 0*x = g*k - 18. What is the units digit of k?
4
Let i = 108 + -62. Suppose -4*x = -2*x - i. What is the tens digit of x?
2
What is the units digit of -4 + 5 + 39*1 - 2?
8
Suppose 2*i = -0*i. Suppose x + i*x = 1. What is the units digit of x?
1
What is the units digit of (14/(-8))/(4/(-96))?
2
Let o(q) = 2*q**3 + 5*q**2 + 8*q + 5. Let m(b) = -b**3 + b**2 - b + 1. Let v(c) = -m(c) - o(c). Let u = 13 - 18. What is the units digit of v(u)?
4
Let y be (-4)/(-6)*12/(-8). Let t(q) = -18*q. What is the units digit of t(y)?
8
Let h = -38 - -91. What is the units digit of h?
3
Let x be (43/(-3))/((-3)/9). Let g = x + -28. What is the tens digit of g?
1
Let y(q) = q**2 - 10*q + 2. Let t be y(5). Let i = 32 + t. Suppose -u + 1 + i = 0. What is the units digit of u?
0
Suppose 4*d - 2 = 3*z, 2*d - 50 = -5*z - 2*d. Let l(x) = -3 + x**2 + 4 - 6*x + x. What is the units digit of l(z)?
7
Let d(s) = 2*s**2 - 5*s - 6. What is the units digit of d(-5)?
9
Suppose -u = 2*u - 48. Let b = u - 11. What is the units digit of b?
5
Suppose 2*d - 67 = d. Let c = -40 + d. What is the units digit of c?
7
Suppose m + 15 = 6*m. Suppose 4*z - 4*h + h = 36, -m*z + 3*h + 24 = 0. What is the units digit of z?
2
What is the units digit of 0 - -3*11 - -3?
6
Let s(z) = -2*z - 17. What is the units digit of s(-17)?
7
Suppose 346 = -0*q + 2*q. What is the hundreds digit of q?
1
Suppose -4*p - 3*z + 18 = -z, -p + 3 = z. Suppose -10 - p = -4*b. What is the units digit of (-1 + -2)/((-3)/b)?
4
Let h = 9 + -5. Suppose 0 = -r - 3*t - 1 + 2, -4*t = h*r - 12. What is the units digit of r?
4
Let a = -19 + 20. What is the units digit of a*-3*41/(-3)?
1
What is the units digit of (-374)/(-85) + (-4)/10?
4
Let g(s) = -13*s + 10*s + 1 - 8. Suppose -38 = -0*b + 4*b + 3*d, 2*b + 4*d = -24. What is the units digit of g(b)?
7
Let z be (-4)/6 + 8/(-6). Let k be 5/z*(-16)/10. Suppose -2*d + 14 = 2*n, d - 6*d + k*n + 80 = 0. What is the units digit of d?
2
Suppose -v + 4*z = 3*v - 120, -72 = -2*v - 2*z. What is the units digit of v?
3
Let l be 1/(-2) - 45/(-6). Let k = l - 5. What is the units digit of (-4 + 3)/(k/(-8))?
4
Let q be (-10)/((-5)/((-20)/(-8))). Suppose q = 2*t - 7. What is the units digit of t?
6
Let d = -18 + 25. What is the units digit of d?
7
Let y be 5*9 + (-6)/2. Let q = y + -20. What is the tens digit of q?
2
Let i(h) = h**3 + 3*h**2 - 7*h - 6. What is the units digit of i(5)?
9
Suppose 7*a = 3*a - 4. Let g = a + -4. Let d = 6 + g. What is the units digit of d?
1
Suppose 4*h - 14 = 5*h. Let a = h - -29. What is the units digit of a?
5
Let h(j) = 57*j - 13. Let l(r) = -14*r + 3. Let n(x) = -2*h(x) - 9*l(x). What is the units digit of n(1)?
1
Suppose 5*r - 64 = r. Suppose 2*n + 2*a - 29 = 7*a, -3*n = -2*a - r. What is the tens digit of (n/3)/(7/147)?
1
What is the units digit of -47*(-1 + 4 + -4)?
7
Suppose 5*k + 0*k = 3*w - 970, -982 = -3*w + 2*k. What is the hundreds digit of w?
3
Suppose -84 = -2*f - 2*t + t, 5*t - 92 = -2*f. What is the tens digit of f?
4
Let j(z) = 4*z**2 - 16*z - 7. What is the units digit of j(7)?
7
Let f = 5 - 8. Let h be (-5 - f) + 14*1. Let n = h - 7. What is the units digit of n?
5
Let i(o) = -2*o - 4. Let w be i(-3). Let z be 2/(-5) + 192/(-20). What is the units digit of -2 - 1/(w/z)?
3
Let a(f) = -3*f - 3. Let i be a(-2). Suppose -67 = -4*u + i*s, -15 = s + 2*s. What is the tens digit of u?
1
Suppose -4*v + 2*h + 8 = -12, -4*v + 4*h + 28 = 0. Suppose -2*b + 56 = 2*w, -b + v*b = 5*w - 119. What is the units digit of w?
5
Suppose u = 2 + 2. Suppose -4*b - 16 = -5*w, -4*b - 2*w + u*w = 4. What is the units digit of b?
1
Suppose -3*h + 2*h = -11. Let c(r) = r**3 - 11*r**2 + 2*r + 8. What is the units digit of c(h)?
0
Suppose k - 6 = 28. Let i = -5 + k. What is the units digit of i?
9
Suppose -2*a - 174 = -5*a. What is the units digit of a?
8
Suppose 57*j - 156 = 56*j. What is the hundreds digit of j?
1
Let o(b) = 2*b**2 + 4*b - 4. Let y be o(-4). Suppose -2*r = 2*j + r, -3*r - y = -2*j. What is the units digit of j?
3
Suppose 0 = 9*g - 12*g + 24. What is the units digit of g?
8
Let p be 5/((-25)/(-2))*5. Suppose p*m + 6 = -m. What is the units digit of (2 + 0)*(-1)/m?
1
Let s = -18 + 49. Let r = s + -21. What is the units digit of r?
0
Suppose -4 - 91 = -2*m - 3*l, 2*m - 5*l - 71 = 0. What is the tens digit of m?
4
Let q = -8 + 12. Suppose q*g = 10 - 2. What is the units digit of g?
2
Suppose 3*s + 4*z - 14 = 3*z, 3*s - 29 = -4*z